{"id":1003,"date":"2021-04-30T22:51:34","date_gmt":"2021-04-30T19:51:34","guid":{"rendered":"http:\/\/www.aslinsaat.com.tr\/?page_id=1003"},"modified":"2024-06-10T23:09:19","modified_gmt":"2024-06-10T20:09:19","slug":"ana-sayfa","status":"publish","type":"page","link":"https:\/\/www.aslinsaat.com.tr\/","title":{"rendered":"Ana Sayfa"},"content":{"rendered":"<p>[vc_row fullwidth=&#8221;yes&#8221; css=&#8221;.vc_custom_1621942982346{margin-top: 0px !important;margin-right: 0px !important;margin-bottom: 0px !important;margin-left: 0px !important;padding-top: 0px !important;padding-right: 0px !important;padding-bottom: 0px !important;padding-left: 0px !important;}&#8221;][vc_column css=&#8221;.vc_custom_1621941853445{margin: 0px !important;padding: 0px !important;border: 0px initial !important;}&#8221;]\n\t\t\t<!-- START Home 1 1 REVOLUTION SLIDER 6.4.3 --><p class=\"rs-p-wp-fix\"><\/p>\n\t\t\t<rs-module-wrap id=\"rev_slider_5_1_wrapper\" data-source=\"gallery\" style=\"background:transparent;padding:0;margin:0px auto;margin-top:0;margin-bottom:0;\">\n\t\t\t\t<rs-module id=\"rev_slider_5_1\" style=\"\" data-version=\"6.4.3\">\n\t\t\t\t\t<rs-slides>\n\t\t\t\t\t\t<rs-slide data-key=\"rs-13\" data-title=\"Slide\" data-thumb=\"\/\/www.aslinsaat.com.tr\/wp-content\/uploads\/2024\/06\/1-kent-etiler-100x50.png\" data-link=\"https:\/\/www.aslinsaat.com.tr\/?portfolio=rumeli-hisari-kiptas-konutlari\" data-target=\"_self\" data-seoz=\"front\" data-duration=\"6000\" data-in=\"o:0;y:-100%;\" data-out=\"a:false;\">\n\t\t\t\t\t\t\t<img loading=\"lazy\" decoding=\"async\" src=\"\/\/www.aslinsaat.com.tr\/wp-content\/uploads\/2024\/06\/1-kent-etiler.png\" title=\"1 kent etiler\" width=\"1400\" height=\"500\" class=\"rev-slidebg\" data-no-retina>\n<!---->\t\t\t\t\t\t<\/rs-slide>\n\t\t\t\t\t\t<rs-slide data-key=\"rs-15\" data-title=\"Slide\" data-thumb=\"\/\/www.aslinsaat.com.tr\/wp-content\/uploads\/2024\/06\/2-BHT-Camii-100x50.png\" data-link=\"https:\/\/www.aslinsaat.com.tr\/?portfolio=barbaros-hayrettin-pasa-camii\" data-target=\"_self\" data-seoz=\"front\" data-duration=\"6000\" data-in=\"o:0;y:-100%;\" data-out=\"a:false;\">\n\t\t\t\t\t\t\t<img loading=\"lazy\" decoding=\"async\" src=\"\/\/www.aslinsaat.com.tr\/wp-content\/uploads\/2024\/06\/2-BHT-Camii.png\" title=\"2 BHT Camii\" width=\"1400\" height=\"500\" class=\"rev-slidebg\" data-no-retina>\n<!---->\t\t\t\t\t\t<\/rs-slide>\n\t\t\t\t\t\t<rs-slide data-key=\"rs-16\" data-title=\"Slide\" data-thumb=\"\/\/www.aslinsaat.com.tr\/wp-content\/uploads\/2024\/06\/3-havalimani-100x50.png\" data-link=\"https:\/\/www.aslinsaat.com.tr\/?portfolio=rize-artvin-havalimani\" data-target=\"_self\" data-seoz=\"front\" data-duration=\"6000\" data-in=\"o:0;y:-100%;\" data-out=\"a:false;\">\n\t\t\t\t\t\t\t<img loading=\"lazy\" decoding=\"async\" src=\"\/\/www.aslinsaat.com.tr\/wp-content\/uploads\/2024\/06\/3-havalimani.png\" title=\"3 havaliman\u0131\" width=\"1400\" height=\"500\" class=\"rev-slidebg\" data-no-retina>\n<!---->\t\t\t\t\t\t<\/rs-slide>\n\t\t\t\t\t\t<rs-slide data-key=\"rs-17\" data-title=\"Slide\" data-thumb=\"\/\/www.aslinsaat.com.tr\/wp-content\/uploads\/2024\/06\/4-ankara-stad-100x50.png\" data-link=\"https:\/\/www.aslinsaat.com.tr\/?portfolio=ankara-stadyumu\" data-target=\"_self\" data-seoz=\"front\" data-duration=\"6000\" data-in=\"o:0;y:-100%;\" data-out=\"a:false;\">\n\t\t\t\t\t\t\t<img loading=\"lazy\" decoding=\"async\" src=\"\/\/www.aslinsaat.com.tr\/wp-content\/uploads\/2024\/06\/4-ankara-stad.png\" title=\"4 ankara stad\" width=\"1400\" height=\"500\" class=\"rev-slidebg\" data-no-retina>\n<!---->\t\t\t\t\t\t<\/rs-slide>\n\t\t\t\t\t\t<rs-slide data-key=\"rs-18\" data-title=\"Slide\" data-thumb=\"\/\/www.aslinsaat.com.tr\/wp-content\/uploads\/2024\/06\/5-gaziray-slider-100x50.png\" data-link=\"https:\/\/www.aslinsaat.com.tr\/?portfolio=gaziray\" data-target=\"_self\" data-seoz=\"front\" data-duration=\"6000\" data-in=\"o:0;y:-100%;\" data-out=\"a:false;\">\n\t\t\t\t\t\t\t<img loading=\"lazy\" decoding=\"async\" src=\"\/\/www.aslinsaat.com.tr\/wp-content\/uploads\/2024\/06\/5-gaziray-slider.png\" title=\"5 gaziray slider\" width=\"1400\" height=\"500\" class=\"rev-slidebg\" data-no-retina>\n<!---->\t\t\t\t\t\t<\/rs-slide>\n\t\t\t\t\t\t<rs-slide data-key=\"rs-23\" data-title=\"Slide\" data-thumb=\"\/\/www.aslinsaat.com.tr\/wp-content\/uploads\/2024\/06\/6-arnavutluk-tuneli-100x50.png\" data-link=\"https:\/\/www.aslinsaat.com.tr\/?portfolio=gaziray\" data-target=\"_self\" data-seoz=\"front\" data-duration=\"6000\" data-in=\"o:0;y:-100%;\" data-out=\"a:false;\">\n\t\t\t\t\t\t\t<img loading=\"lazy\" decoding=\"async\" src=\"\/\/www.aslinsaat.com.tr\/wp-content\/uploads\/2024\/06\/6-arnavutluk-tuneli.png\" title=\"6 arnavutluk t\u00fcneli\" width=\"1400\" height=\"500\" class=\"rev-slidebg\" data-no-retina>\n<!---->\t\t\t\t\t\t<\/rs-slide>\n\t\t\t\t\t<\/rs-slides>\n\t\t\t\t\t<rs-static-layers><!--\n\t\t\t\t\t--><\/rs-static-layers>\n\t\t\t\t<\/rs-module>\n\t\t\t\t<script type=\"text\/javascript\">\n\t\t\t\t\tsetREVStartSize({c: 'rev_slider_5_1',rl:[1240,1024,778,480],el:[500,366,960,300],gw:[1400,1024,778,480],gh:[500,366,366,400],type:'standard',justify:'',layout:'fullwidth',mh:\"0\"});\n\t\t\t\t\tvar\trevapi5,\n\t\t\t\t\t\ttpj;\n\t\t\t\t\tfunction revinit_revslider51() {\n\t\t\t\t\tjQuery(function() {\n\t\t\t\t\t\ttpj = jQuery;\n\t\t\t\t\t\trevapi5 = tpj(\"#rev_slider_5_1\");\n\t\t\t\t\t\tif(revapi5==undefined || revapi5.revolution == undefined){\n\t\t\t\t\t\t\trevslider_showDoubleJqueryError(\"rev_slider_5_1\");\n\t\t\t\t\t\t}else{\n\t\t\t\t\t\t\trevapi5.revolution({\n\t\t\t\t\t\t\t\tsliderLayout:\"fullwidth\",\n\t\t\t\t\t\t\t\tvisibilityLevels:\"1240,1024,778,480\",\n\t\t\t\t\t\t\t\tgridwidth:\"1400,1024,778,480\",\n\t\t\t\t\t\t\t\tgridheight:\"500,366,366,400\",\n\t\t\t\t\t\t\t\tperspective:600,\n\t\t\t\t\t\t\t\tperspectiveType:\"local\",\n\t\t\t\t\t\t\t\teditorheight:\"500,366,960,300\",\n\t\t\t\t\t\t\t\tresponsiveLevels:\"1240,1024,778,480\",\n\t\t\t\t\t\t\t\tprogressBar:{disableProgressBar:true},\n\t\t\t\t\t\t\t\tnavigation: {\n\t\t\t\t\t\t\t\t\tmouseScrollNavigation:false,\n\t\t\t\t\t\t\t\t\twheelCallDelay:1000,\n\t\t\t\t\t\t\t\t\tonHoverStop:false,\n\t\t\t\t\t\t\t\t\ttouch: {\n\t\t\t\t\t\t\t\t\t\ttouchenabled:true\n\t\t\t\t\t\t\t\t\t},\n\t\t\t\t\t\t\t\t\tarrows: {\n\t\t\t\t\t\t\t\t\t\tenable:true,\n\t\t\t\t\t\t\t\t\t\tstyle:\"persephone\",\n\t\t\t\t\t\t\t\t\t\thide_onleave:true,\n\t\t\t\t\t\t\t\t\t\tleft: {\n\n\t\t\t\t\t\t\t\t\t\t},\n\t\t\t\t\t\t\t\t\t\tright: {\n\n\t\t\t\t\t\t\t\t\t\t}\n\t\t\t\t\t\t\t\t\t}\n\t\t\t\t\t\t\t\t},\n\t\t\t\t\t\t\t\tfallbacks: {\n\t\t\t\t\t\t\t\t\tallowHTML5AutoPlayOnAndroid:true\n\t\t\t\t\t\t\t\t},\n\t\t\t\t\t\t\t});\n\t\t\t\t\t\t}\n\t\t\t\t\t\t\n\t\t\t\t\t});\n\t\t\t\t\t} \/\/ End of RevInitScript\n\t\t\t\tvar once_revslider51 = false;\n\t\t\t\tif (document.readyState === \"loading\") {document.addEventListener('readystatechange',function() { if((document.readyState === \"interactive\" || document.readyState === \"complete\") && !once_revslider51 ) { once_revslider51 = true; revinit_revslider51();}});} else {once_revslider51 = true; revinit_revslider51();}\n\t\t\t\t<\/script>\n\t\t\t\t<script>\n\t\t\t\t\tvar htmlDivCss = unescape(\"%23rev_slider_5_1_wrapper%20.persephone.tparrows%20%7B%0A%09cursor%3Apointer%3B%0A%09background%3Argba%28201%2C201%2C201%2C0%29%3B%0A%09width%3A40px%3B%0A%09height%3A40px%3B%0A%09position%3Aabsolute%3B%0A%09display%3Ablock%3B%0A%09z-index%3A1000%3B%0A%20%20%20%20border%3A1px%20solid%20rgba%28255%2C255%2C255%2C0%29%3B%0A%7D%0A%23rev_slider_5_1_wrapper%20.persephone.tparrows%3Ahover%20%7B%0A%09background%3Argba%280%2C0%2C0%2C0%29%3B%0A%7D%0A%23rev_slider_5_1_wrapper%20.persephone.tparrows%3Abefore%20%7B%0A%09font-family%3A%20%27revicons%27%3B%0A%09font-size%3A30px%3B%0A%09color%3A%20%23ffffff%3B%0A%09display%3Ablock%3B%0A%09line-height%3A%2040px%3B%0A%09text-align%3A%20center%3B%0A%7D%0A%23rev_slider_5_1_wrapper%20.persephone.tparrows.tp-leftarrow%3Abefore%20%7B%0A%09content%3A%20%27%5Ce824%27%3B%0A%7D%0A%23rev_slider_5_1_wrapper%20.persephone.tparrows.tp-rightarrow%3Abefore%20%7B%0A%09content%3A%20%27%5Ce825%0A%27%3B%0A%7D%0A%0A%0A\");\n\t\t\t\t\tvar htmlDiv = document.getElementById('rs-plugin-settings-inline-css');\n\t\t\t\t\tif(htmlDiv) {\n\t\t\t\t\t\thtmlDiv.innerHTML = htmlDiv.innerHTML + htmlDivCss;\n\t\t\t\t\t}else{\n\t\t\t\t\t\tvar htmlDiv = document.createElement('div');\n\t\t\t\t\t\thtmlDiv.innerHTML = '<style>' + htmlDivCss + '<\/style>';\n\t\t\t\t\t\tdocument.getElementsByTagName('head')[0].appendChild(htmlDiv.childNodes[0]);\n\t\t\t\t\t}\n\t\t\t\t<\/script>\n\t\t\t\t<script>\n\t\t\t\t\tvar htmlDivCss = unescape(\"%0A%0A%0A%0A%0A%0A\");\n\t\t\t\t\tvar htmlDiv = document.getElementById('rs-plugin-settings-inline-css');\n\t\t\t\t\tif(htmlDiv) {\n\t\t\t\t\t\thtmlDiv.innerHTML = htmlDiv.innerHTML + htmlDivCss;\n\t\t\t\t\t}else{\n\t\t\t\t\t\tvar htmlDiv = document.createElement('div');\n\t\t\t\t\t\thtmlDiv.innerHTML = '<style>' + htmlDivCss + '<\/style>';\n\t\t\t\t\t\tdocument.getElementsByTagName('head')[0].appendChild(htmlDiv.childNodes[0]);\n\t\t\t\t\t}\n\t\t\t\t<\/script>\n\t\t\t<\/rs-module-wrap>\n\t\t\t<!-- END REVOLUTION SLIDER -->\n[\/vc_column][\/vc_row][vc_row css=&#8221;.vc_custom_1621952461138{padding-top: 40px !important;padding-right: 40px !important;padding-bottom: 20px !important;padding-left: 40px !important;background-color: #ffffff !important;}&#8221;][vc_column width=&#8221;1\/4&#8243; el_class=&#8221;get-action&#8221;][vc_custom_heading text=&#8221;\u00dcSTYAPI&#8221; font_container=&#8221;tag:h2|text_align:left|color:%230a0a0a&#8221; use_theme_fonts=&#8221;yes&#8221; link=&#8221;url:https%3A%2F%2Fwww.aslinsaat.com.tr%2F%3Fpage_id%3D336|title:Faaliyet%20Alanlar%C4%B1%20Ve%20Projeler&#8221;][vc_column_text css=&#8221;.vc_custom_1621952681649{padding-bottom: 50px !important;}&#8221;]<\/p>\n<div style=\"color: #000000; text-align: left;\">Sa\u011fl\u0131k binalar\u0131, kamu binalar\u0131, toplu konut, stadyum, e\u011fitim binalar\u0131 ve \u00f6\u011frenci yurtlar\u0131n\u0131 kapsamaktad\u0131r.<\/div>\n<p>[\/vc_column_text][\/vc_column][vc_column width=&#8221;1\/4&#8243; el_class=&#8221;get-action&#8221; css=&#8221;.vc_custom_1621952539657{border-left-width: 2px !important;padding-top: 0px !important;padding-right: 20px !important;padding-bottom: 0px !important;padding-left: 20px !important;border-left-color: #dd3333 !important;border-left-style: solid !important;}&#8221;][vc_custom_heading text=&#8221;ALTYAPI&#8221; font_container=&#8221;tag:h2|text_align:left|color:%230a0a0a&#8221; use_theme_fonts=&#8221;yes&#8221; link=&#8221;url:https%3A%2F%2Fwww.aslinsaat.com.tr%2F%3Fpage_id%3D336|title:Faaliyet%20Alanlar%C4%B1%20Ve%20Projeler&#8221;][vc_column_text css=&#8221;.vc_custom_1621866510809{padding-bottom: 30px !important;}&#8221;]<\/p>\n<div style=\"color: #000000; text-align: left;\">Altyap\u0131 projelerimiz i\u00e7me suyu t\u00fcnelleri, terfi merkezleri, i\u00e7me suyu boru hatlar\u0131 ve baraj rehabilitasyon i\u015flerini kapsamaktad\u0131r.<\/div>\n<p>[\/vc_column_text][\/vc_column][vc_column width=&#8221;1\/4&#8243; el_class=&#8221;get-action&#8221; css=&#8221;.vc_custom_1621952567418{border-left-width: 2px !important;padding-top: 0px !important;padding-right: 20px !important;padding-bottom: 0px !important;padding-left: 20px !important;border-left-color: #dd3333 !important;border-left-style: solid !important;}&#8221;][vc_custom_heading text=&#8221;ULA\u015eTIRMA&#8221; font_container=&#8221;tag:h2|text_align:left|color:%230a0a0a&#8221; use_theme_fonts=&#8221;yes&#8221; link=&#8221;url:https%3A%2F%2Fwww.aslinsaat.com.tr%2F%3Fpage_id%3D336|title:Faaliyet%20Alanlar%C4%B1%20Ve%20Projeler&#8221;][vc_column_text css=&#8221;.vc_custom_1621863959810{padding-bottom: 50px !important;}&#8221;]<\/p>\n<div style=\"color: #000000; text-align: left;\">Ula\u015ft\u0131rma projelerimiz yol, k\u00f6pr\u00fc, t\u00fcnel, rayl\u0131 sistemler ve havalimanlar\u0131n\u0131 kapsamaktad\u0131r.<\/div>\n<p>[\/vc_column_text][\/vc_column][vc_column width=&#8221;1\/4&#8243; el_class=&#8221;get-action&#8221; css=&#8221;.vc_custom_1621952601141{border-left-width: 2px !important;padding-top: 0px !important;padding-right: 20px !important;padding-bottom: 0px !important;padding-left: 20px !important;border-left-color: #dd3333 !important;border-left-style: solid !important;}&#8221;][vc_custom_heading text=&#8221;ENERJ\u0130&#8221; font_container=&#8221;tag:h2|text_align:left|color:%230a0a0a&#8221; use_theme_fonts=&#8221;yes&#8221; link=&#8221;url:https%3A%2F%2Fwww.aslinsaat.com.tr%2F%3Fpage_id%3D336|title:Faaliyet%20Alanlar%C4%B1%20Ve%20Projeler&#8221;][vc_column_text css=&#8221;.vc_custom_1621863970002{padding-bottom: 50px !important;}&#8221;]<\/p>\n<div style=\"color: #000000; text-align: left;\">Termik ve hidroelektrik santrallerin yan\u0131 s\u0131ra g\u00fcne\u015f enerjisi santralleriyle enerji projeleri.<\/div>\n<p>[\/vc_column_text][\/vc_column][\/vc_row][vc_row fullwidth=&#8221;yes&#8221; parallax_row=&#8221;yes&#8221; el_class=&#8221;background-position shadow&#8221;][vc_column]\n\t<section class=\"list-projects list2\">\n\t\t\n\t\t\n\t\t\t\t\t<div id=\"gallery\" class=\"all-project all-project-v1\">\n\t\t\t\t\t    \t\t\t\t\t\t<div class=\"item ustyapi-projeleri  \">\t\t\t\t\t\t\t\t\t\n\t\t\t\t\t<div class=\"project-box \">\n\t\t\t\t\t\t<a href=\"https:\/\/www.aslinsaat.com.tr\/?portfolio=rumeli-hisari-kiptas-konutlari\" class=\"image-project\">\n\t\t\t\t\t\t\t<img decoding=\"async\" src=\"https:\/\/www.aslinsaat.com.tr\/wp-content\/uploads\/2024\/05\/1.jpg\" alt=\"\">\n\t\t\t\t\t\t\t<span class=\"overlay\"><\/span>\n\t\t\t\t\t\t<\/a>\n\t\t\t\t\t\t<h4><a href=\"https:\/\/www.aslinsaat.com.tr\/?portfolio=rumeli-hisari-kiptas-konutlari\">KENT ET\u0130LER KONUTLARI<\/a><\/h4>\n\t\t\t\t\t\t<div class=\"cat-name\">\u00dcstyap\u0131 Projeleri <span>,<\/span> <\/div>\n\t\t\t\t\t<\/div>\n\t\t\t\t<\/div>\n\t\t\t\t\t    \t\t\t\t\t\t<div class=\"item ustyapi-projeleri  \">\t\t\t\t\t\t\t\t\t\n\t\t\t\t\t<div class=\"project-box \">\n\t\t\t\t\t\t<a href=\"https:\/\/www.aslinsaat.com.tr\/?portfolio=barbaros-hayrettin-pasa-camii\" class=\"image-project\">\n\t\t\t\t\t\t\t<img decoding=\"async\" src=\"https:\/\/www.aslinsaat.com.tr\/wp-content\/uploads\/2024\/01\/bhp-cami-kopyasi.png\" alt=\"\">\n\t\t\t\t\t\t\t<span class=\"overlay\"><\/span>\n\t\t\t\t\t\t<\/a>\n\t\t\t\t\t\t<h4><a href=\"https:\/\/www.aslinsaat.com.tr\/?portfolio=barbaros-hayrettin-pasa-camii\">BARBAROS HAYRETT\u0130N PA\u015eA CAM\u0130\u0130<\/a><\/h4>\n\t\t\t\t\t\t<div class=\"cat-name\">\u00dcstyap\u0131 Projeleri <span>,<\/span> <\/div>\n\t\t\t\t\t<\/div>\n\t\t\t\t<\/div>\n\t\t\t\t\t    \t\t\t\t\t\t<div class=\"item ustyapi-projeleri  \">\t\t\t\t\t\t\t\t\t\n\t\t\t\t\t<div class=\"project-box \">\n\t\t\t\t\t\t<a href=\"https:\/\/www.aslinsaat.com.tr\/?portfolio=rize-artvin-havalimani\" class=\"image-project\">\n\t\t\t\t\t\t\t<img decoding=\"async\" src=\"https:\/\/www.aslinsaat.com.tr\/wp-content\/uploads\/2024\/05\/1-7.jpg\" alt=\"\">\n\t\t\t\t\t\t\t<span class=\"overlay\"><\/span>\n\t\t\t\t\t\t<\/a>\n\t\t\t\t\t\t<h4><a href=\"https:\/\/www.aslinsaat.com.tr\/?portfolio=rize-artvin-havalimani\">R\u0130ZE \u2013 ARTV\u0130N HAVAL\u0130MANI \u00dcSTYAPI<\/a><\/h4>\n\t\t\t\t\t\t<div class=\"cat-name\">\u00dcstyap\u0131 Projeleri <span>,<\/span> <\/div>\n\t\t\t\t\t<\/div>\n\t\t\t\t<\/div>\n\t\t\t\t\t    \t\t\t\t\t\t<div class=\"item ustyapi-projeleri  \">\t\t\t\t\t\t\t\t\t\n\t\t\t\t\t<div class=\"project-box \">\n\t\t\t\t\t\t<a href=\"https:\/\/www.aslinsaat.com.tr\/?portfolio=ankara-stadyumu\" class=\"image-project\">\n\t\t\t\t\t\t\t<img decoding=\"async\" src=\"https:\/\/www.aslinsaat.com.tr\/wp-content\/uploads\/2024\/05\/2.jpg\" alt=\"\">\n\t\t\t\t\t\t\t<span class=\"overlay\"><\/span>\n\t\t\t\t\t\t<\/a>\n\t\t\t\t\t\t<h4><a href=\"https:\/\/www.aslinsaat.com.tr\/?portfolio=ankara-stadyumu\">ANKARA STADYUMU<\/a><\/h4>\n\t\t\t\t\t\t<div class=\"cat-name\">\u00dcstyap\u0131 Projeleri <span>,<\/span> <\/div>\n\t\t\t\t\t<\/div>\n\t\t\t\t<\/div>\n\t\t\t\t\t    \t\t\t\t\t\t<div class=\"item ulastirma-projeleri  \">\t\t\t\t\t\t\t\t\t\n\t\t\t\t\t<div class=\"project-box \">\n\t\t\t\t\t\t<a href=\"https:\/\/www.aslinsaat.com.tr\/?portfolio=gaziray\" class=\"image-project\">\n\t\t\t\t\t\t\t<img decoding=\"async\" src=\"https:\/\/www.aslinsaat.com.tr\/wp-content\/uploads\/2024\/05\/1-3.jpg\" alt=\"\">\n\t\t\t\t\t\t\t<span class=\"overlay\"><\/span>\n\t\t\t\t\t\t<\/a>\n\t\t\t\t\t\t<h4><a href=\"https:\/\/www.aslinsaat.com.tr\/?portfolio=gaziray\">GAZ\u0130RAY<\/a><\/h4>\n\t\t\t\t\t\t<div class=\"cat-name\">Ula\u015ft\u0131rma Projeleri <span>,<\/span> <\/div>\n\t\t\t\t\t<\/div>\n\t\t\t\t<\/div>\n\t\t\t\t\t    \t\t\t\t\t\t<div class=\"item ulastirma-projeleri  \">\t\t\t\t\t\t\t\t\t\n\t\t\t\t\t<div class=\"project-box \">\n\t\t\t\t\t\t<a href=\"https:\/\/www.aslinsaat.com.tr\/?portfolio=arnavutluk-llogara-tuneli\" class=\"image-project\">\n\t\t\t\t\t\t\t<img decoding=\"async\" src=\"https:\/\/www.aslinsaat.com.tr\/wp-content\/uploads\/2024\/05\/1-1.jpg\" alt=\"\">\n\t\t\t\t\t\t\t<span class=\"overlay\"><\/span>\n\t\t\t\t\t\t<\/a>\n\t\t\t\t\t\t<h4><a href=\"https:\/\/www.aslinsaat.com.tr\/?portfolio=arnavutluk-llogara-tuneli\">ARNAVUTLUK LLOGARA T\u00dcNEL\u0130<\/a><\/h4>\n\t\t\t\t\t\t<div class=\"cat-name\">Ula\u015ft\u0131rma Projeleri <span>,<\/span> <\/div>\n\t\t\t\t\t<\/div>\n\t\t\t\t<\/div>\n\t\t\t\t\t    \t\t\t\t\t\t<div class=\"item ustyapi-projeleri  \">\t\t\t\t\t\t\t\t\t\n\t\t\t\t\t<div class=\"project-box \">\n\t\t\t\t\t\t<a href=\"https:\/\/www.aslinsaat.com.tr\/?portfolio=istanbul-uluslararasi-finans-merkezi\" class=\"image-project\">\n\t\t\t\t\t\t\t<img decoding=\"async\" src=\"https:\/\/www.aslinsaat.com.tr\/wp-content\/uploads\/2024\/05\/1.1.jpg\" alt=\"\">\n\t\t\t\t\t\t\t<span class=\"overlay\"><\/span>\n\t\t\t\t\t\t<\/a>\n\t\t\t\t\t\t<h4><a href=\"https:\/\/www.aslinsaat.com.tr\/?portfolio=istanbul-uluslararasi-finans-merkezi\">\u0130STANBUL ULUSLARARASI F\u0130NANS MERKEZ\u0130<\/a><\/h4>\n\t\t\t\t\t\t<div class=\"cat-name\">\u00dcstyap\u0131 Projeleri <span>,<\/span> <\/div>\n\t\t\t\t\t<\/div>\n\t\t\t\t<\/div>\n\t\t\t\t\t    \t\t\t\t\t\t<div class=\"item altyapi-projeleri  \">\t\t\t\t\t\t\t\t\t\n\t\t\t\t\t<div class=\"project-box \">\n\t\t\t\t\t\t<a href=\"https:\/\/www.aslinsaat.com.tr\/?portfolio=melen-projesi-3-etap-isale-hatti\" class=\"image-project\">\n\t\t\t\t\t\t\t<img decoding=\"async\" src=\"https:\/\/www.aslinsaat.com.tr\/wp-content\/uploads\/2024\/01\/Resim2.jpg\" alt=\"\">\n\t\t\t\t\t\t\t<span class=\"overlay\"><\/span>\n\t\t\t\t\t\t<\/a>\n\t\t\t\t\t\t<h4><a href=\"https:\/\/www.aslinsaat.com.tr\/?portfolio=melen-projesi-3-etap-isale-hatti\">MELEN PROJES\u0130 3. ETAP \u0130SALE HATTI<\/a><\/h4>\n\t\t\t\t\t\t<div class=\"cat-name\">Altyap\u0131 Projeleri <span>,<\/span> <\/div>\n\t\t\t\t\t<\/div>\n\t\t\t\t<\/div>\n\t\t\t\t\t\t\t<\/div>\n\t\t\n\t\t\t\t\n\t<\/section>\n\n[\/vc_column][\/vc_row]<\/p>\n","protected":false},"excerpt":{"rendered":"<p>[vc_row fullwidth=&#8221;yes&#8221; css=&#8221;.vc_custom_1621942982346{margin-top: 0px !important;margin-right: 0px !important;margin-bottom: 0px !important;margin-left: 0px !important;padding-top: 0px !important;padding-right: 0px !important;padding-bottom: 0px !important;padding-left: 0px !important;}&#8221;][vc_column css=&#8221;.vc_custom_1621941853445{margin: 0px !important;padding: 0px !important;border: 0px initial !important;}&#8221;][\/vc_column][\/vc_row][vc_row css=&#8221;.vc_custom_1621952461138{padding-top: 40px !important;padding-right: 40px !important;padding-bottom: 20px !important;padding-left: 40px !important;background-color: #ffffff !important;}&#8221;][vc_column width=&#8221;1\/4&#8243; el_class=&#8221;get-action&#8221;][vc_custom_heading text=&#8221;\u00dcSTYAPI&#8221; font_container=&#8221;tag:h2|text_align:left|color:%230a0a0a&#8221; use_theme_fonts=&#8221;yes&#8221; link=&#8221;url:https%3A%2F%2Fwww.aslinsaat.com.tr%2F%3Fpage_id%3D336|title:Faaliyet%20Alanlar%C4%B1%20Ve%20Projeler&#8221;][vc_column_text css=&#8221;.vc_custom_1621952681649{padding-bottom: 50px !important;}&#8221;] Sa\u011fl\u0131k binalar\u0131, kamu binalar\u0131, toplu konut, stadyum, e\u011fitim [&hellip;]<\/p>\n","protected":false},"author":2,"featured_media":0,"parent":0,"menu_order":0,"comment_status":"closed","ping_status":"closed","template":"page-templates\/template-canvas.php","meta":{"footnotes":""},"_links":{"self":[{"href":"https:\/\/www.aslinsaat.com.tr\/index.php?rest_route=\/wp\/v2\/pages\/1003"}],"collection":[{"href":"https:\/\/www.aslinsaat.com.tr\/index.php?rest_route=\/wp\/v2\/pages"}],"about":[{"href":"https:\/\/www.aslinsaat.com.tr\/index.php?rest_route=\/wp\/v2\/types\/page"}],"author":[{"embeddable":true,"href":"https:\/\/www.aslinsaat.com.tr\/index.php?rest_route=\/wp\/v2\/users\/2"}],"replies":[{"embeddable":true,"href":"https:\/\/www.aslinsaat.com.tr\/index.php?rest_route=%2Fwp%2Fv2%2Fcomments&post=1003"}],"version-history":[{"count":146,"href":"https:\/\/www.aslinsaat.com.tr\/index.php?rest_route=\/wp\/v2\/pages\/1003\/revisions"}],"predecessor-version":[{"id":1641,"href":"https:\/\/www.aslinsaat.com.tr\/index.php?rest_route=\/wp\/v2\/pages\/1003\/revisions\/1641"}],"wp:attachment":[{"href":"https:\/\/www.aslinsaat.com.tr\/index.php?rest_route=%2Fwp%2Fv2%2Fmedia&parent=1003"}],"curies":[{"name":"wp","href":"https:\/\/api.w.org\/{rel}","templated":true}]}}