{"id":336,"date":"2016-05-17T08:01:02","date_gmt":"2016-05-17T05:01:02","guid":{"rendered":"http:\/\/demo.thememodern.com\/continal\/?page_id=336"},"modified":"2024-06-10T23:10:57","modified_gmt":"2024-06-10T20:10:57","slug":"faaliyet-alanlari-ve-projeler","status":"publish","type":"page","link":"https:\/\/www.aslinsaat.com.tr\/?page_id=336","title":{"rendered":"Faaliyet Alanlar\u0131 Ve Projeler"},"content":{"rendered":"<p>[vc_row css=&#8221;.vc_custom_1622033501108{margin-bottom: 50px !important;padding-top: 50px !important;}&#8221;][vc_column]\n\t<section class=\"list-projects list2\">\n\t\t\t\t\t<div class=\"container\">\n\t\t\t\t<div class=\"row\">\n\t\t\t\t\t<div class=\"col-md-12\">\n\t\t\t\t\t\t<ul id=\"filter\" class=\"filter-projects none-style\">\n\t\t\t\t\t\t\t<li><a href=\"#\" class=\"current\" data-filter=\"*\" title=\"\">FAAL\u0130YET ALANLARI VE PROJELER<\/a><\/li>\n\t\t\t\t\t\t\t\t            \t\t\t<li><a href=\"#\" data-filter=\".altyapi-projeleri\" title=\"\">Altyap\u0131 Projeleri<\/a><\/li>\n\t            \t\t\t\t            \t\t\t<li><a href=\"#\" data-filter=\".ulastirma-projeleri\" title=\"\">Ula\u015ft\u0131rma Projeleri<\/a><\/li>\n\t            \t\t\t\t            \t\t\t<li><a href=\"#\" data-filter=\".ustyapi-projeleri\" title=\"\">\u00dcstyap\u0131 Projeleri<\/a><\/li>\n\t            \t\t\t\t\t\t\t\t\t<\/ul>\n\t\t\t\t\t<\/div>\t\t\t\t\t\t\t\n\t\t\t\t<\/div>\n\t\t\t<\/div>\n\t\t\n\t\t\n\t\t\t\t\t<div id=\"gallery\" class=\"all-project all-project-v1\">\n\t\t\t\t\t    \t\t\t\t\t\t<div class=\"item ustyapi-projeleri  \">\t\t\t\t\t\t\t\t\t\n\t\t\t\t\t<div class=\"project-box \">\n\t\t\t\t\t\t<a href=\"https:\/\/www.aslinsaat.com.tr\/?portfolio=rumeli-hisari-kiptas-konutlari\" class=\"image-project\">\n\t\t\t\t\t\t\t<img decoding=\"async\" src=\"https:\/\/www.aslinsaat.com.tr\/wp-content\/uploads\/2024\/05\/1.jpg\" alt=\"\">\n\t\t\t\t\t\t\t<span class=\"overlay\"><\/span>\n\t\t\t\t\t\t<\/a>\n\t\t\t\t\t\t<h4><a href=\"https:\/\/www.aslinsaat.com.tr\/?portfolio=rumeli-hisari-kiptas-konutlari\">KENT ET\u0130LER KONUTLARI<\/a><\/h4>\n\t\t\t\t\t\t<div class=\"cat-name\">\u00dcstyap\u0131 Projeleri <span>,<\/span> <\/div>\n\t\t\t\t\t<\/div>\n\t\t\t\t<\/div>\n\t\t\t\t\t    \t\t\t\t\t\t<div class=\"item ustyapi-projeleri  \">\t\t\t\t\t\t\t\t\t\n\t\t\t\t\t<div class=\"project-box \">\n\t\t\t\t\t\t<a href=\"https:\/\/www.aslinsaat.com.tr\/?portfolio=barbaros-hayrettin-pasa-camii\" class=\"image-project\">\n\t\t\t\t\t\t\t<img decoding=\"async\" src=\"https:\/\/www.aslinsaat.com.tr\/wp-content\/uploads\/2024\/01\/bhp-cami-kopyasi.png\" alt=\"\">\n\t\t\t\t\t\t\t<span class=\"overlay\"><\/span>\n\t\t\t\t\t\t<\/a>\n\t\t\t\t\t\t<h4><a href=\"https:\/\/www.aslinsaat.com.tr\/?portfolio=barbaros-hayrettin-pasa-camii\">BARBAROS HAYRETT\u0130N PA\u015eA CAM\u0130\u0130<\/a><\/h4>\n\t\t\t\t\t\t<div class=\"cat-name\">\u00dcstyap\u0131 Projeleri <span>,<\/span> <\/div>\n\t\t\t\t\t<\/div>\n\t\t\t\t<\/div>\n\t\t\t\t\t    \t\t\t\t\t\t<div class=\"item ustyapi-projeleri  \">\t\t\t\t\t\t\t\t\t\n\t\t\t\t\t<div class=\"project-box \">\n\t\t\t\t\t\t<a href=\"https:\/\/www.aslinsaat.com.tr\/?portfolio=rize-artvin-havalimani\" class=\"image-project\">\n\t\t\t\t\t\t\t<img decoding=\"async\" src=\"https:\/\/www.aslinsaat.com.tr\/wp-content\/uploads\/2024\/05\/1-7.jpg\" alt=\"\">\n\t\t\t\t\t\t\t<span class=\"overlay\"><\/span>\n\t\t\t\t\t\t<\/a>\n\t\t\t\t\t\t<h4><a href=\"https:\/\/www.aslinsaat.com.tr\/?portfolio=rize-artvin-havalimani\">R\u0130ZE \u2013 ARTV\u0130N HAVAL\u0130MANI \u00dcSTYAPI<\/a><\/h4>\n\t\t\t\t\t\t<div class=\"cat-name\">\u00dcstyap\u0131 Projeleri <span>,<\/span> <\/div>\n\t\t\t\t\t<\/div>\n\t\t\t\t<\/div>\n\t\t\t\t\t    \t\t\t\t\t\t<div class=\"item ustyapi-projeleri  \">\t\t\t\t\t\t\t\t\t\n\t\t\t\t\t<div class=\"project-box \">\n\t\t\t\t\t\t<a href=\"https:\/\/www.aslinsaat.com.tr\/?portfolio=ankara-stadyumu\" class=\"image-project\">\n\t\t\t\t\t\t\t<img decoding=\"async\" src=\"https:\/\/www.aslinsaat.com.tr\/wp-content\/uploads\/2024\/05\/2.jpg\" alt=\"\">\n\t\t\t\t\t\t\t<span class=\"overlay\"><\/span>\n\t\t\t\t\t\t<\/a>\n\t\t\t\t\t\t<h4><a href=\"https:\/\/www.aslinsaat.com.tr\/?portfolio=ankara-stadyumu\">ANKARA STADYUMU<\/a><\/h4>\n\t\t\t\t\t\t<div class=\"cat-name\">\u00dcstyap\u0131 Projeleri <span>,<\/span> <\/div>\n\t\t\t\t\t<\/div>\n\t\t\t\t<\/div>\n\t\t\t\t\t    \t\t\t\t\t\t<div class=\"item ulastirma-projeleri  \">\t\t\t\t\t\t\t\t\t\n\t\t\t\t\t<div class=\"project-box \">\n\t\t\t\t\t\t<a href=\"https:\/\/www.aslinsaat.com.tr\/?portfolio=gaziray\" class=\"image-project\">\n\t\t\t\t\t\t\t<img decoding=\"async\" src=\"https:\/\/www.aslinsaat.com.tr\/wp-content\/uploads\/2024\/05\/1-3.jpg\" alt=\"\">\n\t\t\t\t\t\t\t<span class=\"overlay\"><\/span>\n\t\t\t\t\t\t<\/a>\n\t\t\t\t\t\t<h4><a href=\"https:\/\/www.aslinsaat.com.tr\/?portfolio=gaziray\">GAZ\u0130RAY<\/a><\/h4>\n\t\t\t\t\t\t<div class=\"cat-name\">Ula\u015ft\u0131rma Projeleri <span>,<\/span> <\/div>\n\t\t\t\t\t<\/div>\n\t\t\t\t<\/div>\n\t\t\t\t\t    \t\t\t\t\t\t<div class=\"item ulastirma-projeleri  \">\t\t\t\t\t\t\t\t\t\n\t\t\t\t\t<div class=\"project-box \">\n\t\t\t\t\t\t<a href=\"https:\/\/www.aslinsaat.com.tr\/?portfolio=arnavutluk-llogara-tuneli\" class=\"image-project\">\n\t\t\t\t\t\t\t<img decoding=\"async\" src=\"https:\/\/www.aslinsaat.com.tr\/wp-content\/uploads\/2024\/05\/1-1.jpg\" alt=\"\">\n\t\t\t\t\t\t\t<span class=\"overlay\"><\/span>\n\t\t\t\t\t\t<\/a>\n\t\t\t\t\t\t<h4><a href=\"https:\/\/www.aslinsaat.com.tr\/?portfolio=arnavutluk-llogara-tuneli\">ARNAVUTLUK LLOGARA T\u00dcNEL\u0130<\/a><\/h4>\n\t\t\t\t\t\t<div class=\"cat-name\">Ula\u015ft\u0131rma Projeleri <span>,<\/span> <\/div>\n\t\t\t\t\t<\/div>\n\t\t\t\t<\/div>\n\t\t\t\t\t    \t\t\t\t\t\t<div class=\"item ustyapi-projeleri  \">\t\t\t\t\t\t\t\t\t\n\t\t\t\t\t<div class=\"project-box \">\n\t\t\t\t\t\t<a href=\"https:\/\/www.aslinsaat.com.tr\/?portfolio=istanbul-uluslararasi-finans-merkezi\" class=\"image-project\">\n\t\t\t\t\t\t\t<img decoding=\"async\" src=\"https:\/\/www.aslinsaat.com.tr\/wp-content\/uploads\/2024\/05\/1.1.jpg\" alt=\"\">\n\t\t\t\t\t\t\t<span class=\"overlay\"><\/span>\n\t\t\t\t\t\t<\/a>\n\t\t\t\t\t\t<h4><a href=\"https:\/\/www.aslinsaat.com.tr\/?portfolio=istanbul-uluslararasi-finans-merkezi\">\u0130STANBUL ULUSLARARASI F\u0130NANS MERKEZ\u0130<\/a><\/h4>\n\t\t\t\t\t\t<div class=\"cat-name\">\u00dcstyap\u0131 Projeleri <span>,<\/span> <\/div>\n\t\t\t\t\t<\/div>\n\t\t\t\t<\/div>\n\t\t\t\t\t    \t\t\t\t\t\t<div class=\"item altyapi-projeleri  \">\t\t\t\t\t\t\t\t\t\n\t\t\t\t\t<div class=\"project-box \">\n\t\t\t\t\t\t<a href=\"https:\/\/www.aslinsaat.com.tr\/?portfolio=melen-projesi-3-etap-isale-hatti\" class=\"image-project\">\n\t\t\t\t\t\t\t<img decoding=\"async\" src=\"https:\/\/www.aslinsaat.com.tr\/wp-content\/uploads\/2024\/01\/Resim2.jpg\" alt=\"\">\n\t\t\t\t\t\t\t<span class=\"overlay\"><\/span>\n\t\t\t\t\t\t<\/a>\n\t\t\t\t\t\t<h4><a href=\"https:\/\/www.aslinsaat.com.tr\/?portfolio=melen-projesi-3-etap-isale-hatti\">MELEN PROJES\u0130 3. ETAP \u0130SALE HATTI<\/a><\/h4>\n\t\t\t\t\t\t<div class=\"cat-name\">Altyap\u0131 Projeleri <span>,<\/span> <\/div>\n\t\t\t\t\t<\/div>\n\t\t\t\t<\/div>\n\t\t\t\t\t    \t\t\t\t\t\t<div class=\"item ulastirma-projeleri  \">\t\t\t\t\t\t\t\t\t\n\t\t\t\t\t<div class=\"project-box \">\n\t\t\t\t\t\t<a href=\"https:\/\/www.aslinsaat.com.tr\/?portfolio=ovit-tuneli\" class=\"image-project\">\n\t\t\t\t\t\t\t<img decoding=\"async\" src=\"https:\/\/www.aslinsaat.com.tr\/wp-content\/uploads\/2024\/05\/DJI_0526.jpg\" alt=\"\">\n\t\t\t\t\t\t\t<span class=\"overlay\"><\/span>\n\t\t\t\t\t\t<\/a>\n\t\t\t\t\t\t<h4><a href=\"https:\/\/www.aslinsaat.com.tr\/?portfolio=ovit-tuneli\">OV\u0130T T\u00dcNEL\u0130<\/a><\/h4>\n\t\t\t\t\t\t<div class=\"cat-name\">Ula\u015ft\u0131rma Projeleri <span>,<\/span> <\/div>\n\t\t\t\t\t<\/div>\n\t\t\t\t<\/div>\n\t\t\t\t\t    \t\t\t\t\t\t<div class=\"item ustyapi-projeleri  \">\t\t\t\t\t\t\t\t\t\n\t\t\t\t\t<div class=\"project-box \">\n\t\t\t\t\t\t<a href=\"https:\/\/www.aslinsaat.com.tr\/?portfolio=basaksehir-fatih-terim-stadyumu\" class=\"image-project\">\n\t\t\t\t\t\t\t<img decoding=\"async\" src=\"https:\/\/www.aslinsaat.com.tr\/wp-content\/uploads\/2024\/05\/2-15.jpg\" alt=\"\">\n\t\t\t\t\t\t\t<span class=\"overlay\"><\/span>\n\t\t\t\t\t\t<\/a>\n\t\t\t\t\t\t<h4><a href=\"https:\/\/www.aslinsaat.com.tr\/?portfolio=basaksehir-fatih-terim-stadyumu\">BA\u015eAK\u015eEH\u0130R FAT\u0130H TER\u0130M STADYUMU<\/a><\/h4>\n\t\t\t\t\t\t<div class=\"cat-name\">\u00dcstyap\u0131 Projeleri <span>,<\/span> <\/div>\n\t\t\t\t\t<\/div>\n\t\t\t\t<\/div>\n\t\t\t\t\t    \t\t\t\t\t\t<div class=\"item ulastirma-projeleri  \">\t\t\t\t\t\t\t\t\t\n\t\t\t\t\t<div class=\"project-box \">\n\t\t\t\t\t\t<a href=\"https:\/\/www.aslinsaat.com.tr\/?portfolio=salarha-tuneli\" class=\"image-project\">\n\t\t\t\t\t\t\t<img decoding=\"async\" src=\"https:\/\/www.aslinsaat.com.tr\/wp-content\/uploads\/2024\/06\/salarha-2.jpg\" alt=\"\">\n\t\t\t\t\t\t\t<span class=\"overlay\"><\/span>\n\t\t\t\t\t\t<\/a>\n\t\t\t\t\t\t<h4><a href=\"https:\/\/www.aslinsaat.com.tr\/?portfolio=salarha-tuneli\">SALARHA T\u00dcNEL\u0130<\/a><\/h4>\n\t\t\t\t\t\t<div class=\"cat-name\">Ula\u015ft\u0131rma Projeleri <span>,<\/span> <\/div>\n\t\t\t\t\t<\/div>\n\t\t\t\t<\/div>\n\t\t\t\t\t    \t\t\t\t\t\t<div class=\"item ustyapi-projeleri  \">\t\t\t\t\t\t\t\t\t\n\t\t\t\t\t<div class=\"project-box \">\n\t\t\t\t\t\t<a href=\"https:\/\/www.aslinsaat.com.tr\/?portfolio=levent-camii\" class=\"image-project\">\n\t\t\t\t\t\t\t<img decoding=\"async\" src=\"https:\/\/www.aslinsaat.com.tr\/wp-content\/uploads\/2024\/05\/1-5.jpg\" alt=\"\">\n\t\t\t\t\t\t\t<span class=\"overlay\"><\/span>\n\t\t\t\t\t\t<\/a>\n\t\t\t\t\t\t<h4><a href=\"https:\/\/www.aslinsaat.com.tr\/?portfolio=levent-camii\">LEVENT CAM\u0130\u0130<\/a><\/h4>\n\t\t\t\t\t\t<div class=\"cat-name\">\u00dcstyap\u0131 Projeleri <span>,<\/span> <\/div>\n\t\t\t\t\t<\/div>\n\t\t\t\t<\/div>\n\t\t\t\t\t    \t\t\t\t\t\t<div class=\"item ulastirma-projeleri  \">\t\t\t\t\t\t\t\t\t\n\t\t\t\t\t<div class=\"project-box \">\n\t\t\t\t\t\t<a href=\"https:\/\/www.aslinsaat.com.tr\/?portfolio=egribel-tuneli\" class=\"image-project\">\n\t\t\t\t\t\t\t<img decoding=\"async\" src=\"https:\/\/www.aslinsaat.com.tr\/wp-content\/uploads\/2024\/05\/4-2.jpg\" alt=\"\">\n\t\t\t\t\t\t\t<span class=\"overlay\"><\/span>\n\t\t\t\t\t\t<\/a>\n\t\t\t\t\t\t<h4><a href=\"https:\/\/www.aslinsaat.com.tr\/?portfolio=egribel-tuneli\">E\u011eR\u0130BEL T\u00dcNEL\u0130<\/a><\/h4>\n\t\t\t\t\t\t<div class=\"cat-name\">Ula\u015ft\u0131rma Projeleri <span>,<\/span> <\/div>\n\t\t\t\t\t<\/div>\n\t\t\t\t<\/div>\n\t\t\t\t\t    \t\t\t\t\t\t<div class=\"item ustyapi-projeleri  \">\t\t\t\t\t\t\t\t\t\n\t\t\t\t\t<div class=\"project-box \">\n\t\t\t\t\t\t<a href=\"https:\/\/www.aslinsaat.com.tr\/?portfolio=istanbul-gelirler-idaresi-baskanligi-hizmet-binasi\" class=\"image-project\">\n\t\t\t\t\t\t\t<img decoding=\"async\" src=\"https:\/\/www.aslinsaat.com.tr\/wp-content\/uploads\/2024\/05\/2-18.jpg\" alt=\"\">\n\t\t\t\t\t\t\t<span class=\"overlay\"><\/span>\n\t\t\t\t\t\t<\/a>\n\t\t\t\t\t\t<h4><a href=\"https:\/\/www.aslinsaat.com.tr\/?portfolio=istanbul-gelirler-idaresi-baskanligi-hizmet-binasi\">\u0130STANBUL GEL\u0130RLER \u0130DARES\u0130 BA\u015eKANLI\u011eI H\u0130ZMET B\u0130NASI<\/a><\/h4>\n\t\t\t\t\t\t<div class=\"cat-name\">\u00dcstyap\u0131 Projeleri <span>,<\/span> <\/div>\n\t\t\t\t\t<\/div>\n\t\t\t\t<\/div>\n\t\t\t\t\t    \t\t\t\t\t\t<div class=\"item ustyapi-projeleri  \">\t\t\t\t\t\t\t\t\t\n\t\t\t\t\t<div class=\"project-box \">\n\t\t\t\t\t\t<a href=\"https:\/\/www.aslinsaat.com.tr\/?portfolio=baskent-emlak-konutlari-2-etap\" class=\"image-project\">\n\t\t\t\t\t\t\t<img decoding=\"async\" src=\"https:\/\/www.aslinsaat.com.tr\/wp-content\/uploads\/2024\/05\/1-10.jpg\" alt=\"\">\n\t\t\t\t\t\t\t<span class=\"overlay\"><\/span>\n\t\t\t\t\t\t<\/a>\n\t\t\t\t\t\t<h4><a href=\"https:\/\/www.aslinsaat.com.tr\/?portfolio=baskent-emlak-konutlari-2-etap\">BA\u015eKENT EMLAK KONUTLARI 2. ETAP<\/a><\/h4>\n\t\t\t\t\t\t<div class=\"cat-name\">\u00dcstyap\u0131 Projeleri <span>,<\/span> <\/div>\n\t\t\t\t\t<\/div>\n\t\t\t\t<\/div>\n\t\t\t\t\t    \t\t\t\t\t\t<div class=\"item altyapi-projeleri  \">\t\t\t\t\t\t\t\t\t\n\t\t\t\t\t<div class=\"project-box \">\n\t\t\t\t\t\t<a href=\"https:\/\/www.aslinsaat.com.tr\/?portfolio=rize-artvin-havalimani-2\" class=\"image-project\">\n\t\t\t\t\t\t\t<img decoding=\"async\" src=\"https:\/\/www.aslinsaat.com.tr\/wp-content\/uploads\/2024\/05\/1-9.jpg\" alt=\"\">\n\t\t\t\t\t\t\t<span class=\"overlay\"><\/span>\n\t\t\t\t\t\t<\/a>\n\t\t\t\t\t\t<h4><a href=\"https:\/\/www.aslinsaat.com.tr\/?portfolio=rize-artvin-havalimani-2\">R\u0130ZE \u2013 ARTV\u0130N HAVAL\u0130MANI ALTYAPI<\/a><\/h4>\n\t\t\t\t\t\t<div class=\"cat-name\">Altyap\u0131 Projeleri <span>,<\/span> <\/div>\n\t\t\t\t\t<\/div>\n\t\t\t\t<\/div>\n\t\t\t\t\t    \t\t\t\t\t\t<div class=\"item ustyapi-projeleri  \">\t\t\t\t\t\t\t\t\t\n\t\t\t\t\t<div class=\"project-box \">\n\t\t\t\t\t\t<a href=\"https:\/\/www.aslinsaat.com.tr\/?portfolio=istanbul-egitim-ve-genclige-hizmet-vakfi-yurdu\" class=\"image-project\">\n\t\t\t\t\t\t\t<img decoding=\"async\" src=\"https:\/\/www.aslinsaat.com.tr\/wp-content\/uploads\/2023\/05\/istanbul-genclige-hizmet-vakfi-yurdu-2.jpg\" alt=\"\">\n\t\t\t\t\t\t\t<span class=\"overlay\"><\/span>\n\t\t\t\t\t\t<\/a>\n\t\t\t\t\t\t<h4><a href=\"https:\/\/www.aslinsaat.com.tr\/?portfolio=istanbul-egitim-ve-genclige-hizmet-vakfi-yurdu\">\u0130STANBUL E\u011e\u0130T\u0130M VE GEN\u00c7L\u0130\u011eE H\u0130ZMET VAKFI YURDU<\/a><\/h4>\n\t\t\t\t\t\t<div class=\"cat-name\">\u00dcstyap\u0131 Projeleri <span>,<\/span> <\/div>\n\t\t\t\t\t<\/div>\n\t\t\t\t<\/div>\n\t\t\t\t\t    \t\t\t\t\t\t<div class=\"item ustyapi-projeleri  \">\t\t\t\t\t\t\t\t\t\n\t\t\t\t\t<div class=\"project-box \">\n\t\t\t\t\t\t<a href=\"https:\/\/www.aslinsaat.com.tr\/?portfolio=silivrikapi-ogrenci-yurdu\" class=\"image-project\">\n\t\t\t\t\t\t\t<img decoding=\"async\" src=\"https:\/\/www.aslinsaat.com.tr\/wp-content\/uploads\/2024\/05\/1-17.jpg\" alt=\"\">\n\t\t\t\t\t\t\t<span class=\"overlay\"><\/span>\n\t\t\t\t\t\t<\/a>\n\t\t\t\t\t\t<h4><a href=\"https:\/\/www.aslinsaat.com.tr\/?portfolio=silivrikapi-ogrenci-yurdu\">S\u0130L\u0130VR\u0130KAPI \u00d6\u011eRENC\u0130 YURDU<\/a><\/h4>\n\t\t\t\t\t\t<div class=\"cat-name\">\u00dcstyap\u0131 Projeleri <span>,<\/span> <\/div>\n\t\t\t\t\t<\/div>\n\t\t\t\t<\/div>\n\t\t\t\t\t    \t\t\t\t\t\t<div class=\"item altyapi-projeleri  \">\t\t\t\t\t\t\t\t\t\n\t\t\t\t\t<div class=\"project-box \">\n\t\t\t\t\t\t<a href=\"https:\/\/www.aslinsaat.com.tr\/?portfolio=asya-bolgesi-muteferrik-icme-suyu-sebeke-ve-kat-ayirimi-insaati\" class=\"image-project\">\n\t\t\t\t\t\t\t<img decoding=\"async\" src=\"https:\/\/www.aslinsaat.com.tr\/wp-content\/uploads\/2024\/05\/1-16.jpg\" alt=\"\">\n\t\t\t\t\t\t\t<span class=\"overlay\"><\/span>\n\t\t\t\t\t\t<\/a>\n\t\t\t\t\t\t<h4><a href=\"https:\/\/www.aslinsaat.com.tr\/?portfolio=asya-bolgesi-muteferrik-icme-suyu-sebeke-ve-kat-ayirimi-insaati\">ASYA B\u00d6LGES\u0130 M\u00dcTEFERR\u0130K \u0130\u00c7ME SUYU \u015eEBEKE VE KAT AYIRIMI \u0130N\u015eAATI<\/a><\/h4>\n\t\t\t\t\t\t<div class=\"cat-name\">Altyap\u0131 Projeleri <span>,<\/span> <\/div>\n\t\t\t\t\t<\/div>\n\t\t\t\t<\/div>\n\t\t\t\t\t    \t\t\t\t\t\t<div class=\"item altyapi-projeleri  \">\t\t\t\t\t\t\t\t\t\n\t\t\t\t\t<div class=\"project-box \">\n\t\t\t\t\t\t<a href=\"https:\/\/www.aslinsaat.com.tr\/?portfolio=melen-projesi-2-etap-isale-hatti\" class=\"image-project\">\n\t\t\t\t\t\t\t<img decoding=\"async\" src=\"https:\/\/www.aslinsaat.com.tr\/wp-content\/uploads\/2024\/05\/Insaat-foto-3.jpg\" alt=\"\">\n\t\t\t\t\t\t\t<span class=\"overlay\"><\/span>\n\t\t\t\t\t\t<\/a>\n\t\t\t\t\t\t<h4><a href=\"https:\/\/www.aslinsaat.com.tr\/?portfolio=melen-projesi-2-etap-isale-hatti\">MELEN PROJES\u0130 2. ETAP \u0130SALE HATTI<\/a><\/h4>\n\t\t\t\t\t\t<div class=\"cat-name\">Altyap\u0131 Projeleri <span>,<\/span> <\/div>\n\t\t\t\t\t<\/div>\n\t\t\t\t<\/div>\n\t\t\t\t\t    \t\t\t\t\t\t<div class=\"item ustyapi-projeleri  \">\t\t\t\t\t\t\t\t\t\n\t\t\t\t\t<div class=\"project-box \">\n\t\t\t\t\t\t<a href=\"https:\/\/www.aslinsaat.com.tr\/?portfolio=kadikoy-ahmet-sani-gezici-kiz-anadolu-imam-hatip-lisesi\" class=\"image-project\">\n\t\t\t\t\t\t\t<img decoding=\"async\" src=\"https:\/\/www.aslinsaat.com.tr\/wp-content\/uploads\/2024\/05\/3-12.jpg\" alt=\"\">\n\t\t\t\t\t\t\t<span class=\"overlay\"><\/span>\n\t\t\t\t\t\t<\/a>\n\t\t\t\t\t\t<h4><a href=\"https:\/\/www.aslinsaat.com.tr\/?portfolio=kadikoy-ahmet-sani-gezici-kiz-anadolu-imam-hatip-lisesi\">KADIK\u00d6Y AHMET SAN\u0130 GEZ\u0130C\u0130 KIZ ANADOLU \u0130MAM HAT\u0130P L\u0130SES\u0130<\/a><\/h4>\n\t\t\t\t\t\t<div class=\"cat-name\">\u00dcstyap\u0131 Projeleri <span>,<\/span> <\/div>\n\t\t\t\t\t<\/div>\n\t\t\t\t<\/div>\n\t\t\t\t\t    \t\t\t\t\t\t<div class=\"item altyapi-projeleri  \">\t\t\t\t\t\t\t\t\t\n\t\t\t\t\t<div class=\"project-box \">\n\t\t\t\t\t\t<a href=\"https:\/\/www.aslinsaat.com.tr\/?portfolio=asya-bolgesi-1-kisim-muteferrik-icme-suyu-insaati\" class=\"image-project\">\n\t\t\t\t\t\t\t<img decoding=\"async\" src=\"https:\/\/www.aslinsaat.com.tr\/wp-content\/uploads\/2024\/05\/1-11.jpg\" alt=\"\">\n\t\t\t\t\t\t\t<span class=\"overlay\"><\/span>\n\t\t\t\t\t\t<\/a>\n\t\t\t\t\t\t<h4><a href=\"https:\/\/www.aslinsaat.com.tr\/?portfolio=asya-bolgesi-1-kisim-muteferrik-icme-suyu-insaati\">ASYA B\u00d6LGES\u0130 1. KISIM M\u00dcTEFERR\u0130K \u0130\u00c7ME SUYU \u0130N\u015eAATI<\/a><\/h4>\n\t\t\t\t\t\t<div class=\"cat-name\">Altyap\u0131 Projeleri <span>,<\/span> <\/div>\n\t\t\t\t\t<\/div>\n\t\t\t\t<\/div>\n\t\t\t\t\t    \t\t\t\t\t\t<div class=\"item ulastirma-projeleri  \">\t\t\t\t\t\t\t\t\t\n\t\t\t\t\t<div class=\"project-box \">\n\t\t\t\t\t\t<a href=\"https:\/\/www.aslinsaat.com.tr\/?portfolio=ikizdere-ispir-yolu-ovit-tuneli-ve-baglanti-yollari\" class=\"image-project\">\n\t\t\t\t\t\t\t<img decoding=\"async\" src=\"https:\/\/www.aslinsaat.com.tr\/wp-content\/uploads\/2024\/05\/1Insaat-foto.jpg\" alt=\"\">\n\t\t\t\t\t\t\t<span class=\"overlay\"><\/span>\n\t\t\t\t\t\t<\/a>\n\t\t\t\t\t\t<h4><a href=\"https:\/\/www.aslinsaat.com.tr\/?portfolio=ikizdere-ispir-yolu-ovit-tuneli-ve-baglanti-yollari\">\u0130K\u0130ZDERE &#8211; \u0130SP\u0130R YOLU OV\u0130T T\u00dcNEL\u0130 VE BA\u011eLANTI YOLLARI<\/a><\/h4>\n\t\t\t\t\t\t<div class=\"cat-name\">Ula\u015ft\u0131rma Projeleri <span>,<\/span> <\/div>\n\t\t\t\t\t<\/div>\n\t\t\t\t<\/div>\n\t\t\t\t\t    \t\t\t\t\t\t<div class=\"item altyapi-projeleri  \">\t\t\t\t\t\t\t\t\t\n\t\t\t\t\t<div class=\"project-box \">\n\t\t\t\t\t\t<a href=\"https:\/\/www.aslinsaat.com.tr\/?portfolio=avrupa-bolgesi-muteferrik-icme-suyu-insaati\" class=\"image-project\">\n\t\t\t\t\t\t\t<img decoding=\"async\" src=\"https:\/\/www.aslinsaat.com.tr\/wp-content\/uploads\/2024\/05\/1-6.jpg\" alt=\"\">\n\t\t\t\t\t\t\t<span class=\"overlay\"><\/span>\n\t\t\t\t\t\t<\/a>\n\t\t\t\t\t\t<h4><a href=\"https:\/\/www.aslinsaat.com.tr\/?portfolio=avrupa-bolgesi-muteferrik-icme-suyu-insaati\">AVRUPA B\u00d6LGES\u0130 M\u00dcTEFERR\u0130K \u0130\u00c7ME SUYU \u0130N\u015eAATI<\/a><\/h4>\n\t\t\t\t\t\t<div class=\"cat-name\">Altyap\u0131 Projeleri <span>,<\/span> <\/div>\n\t\t\t\t\t<\/div>\n\t\t\t\t<\/div>\n\t\t\t\t\t\t\t<\/div>\n\t\t\n\t\t\t\t\n\t<\/section>\n\n[\/vc_column][\/vc_row]<\/p>\n","protected":false},"excerpt":{"rendered":"<p>[vc_row css=&#8221;.vc_custom_1622033501108{margin-bottom: 50px !important;padding-top: 50px !important;}&#8221;][vc_column][\/vc_column][\/vc_row]<\/p>\n","protected":false},"author":1,"featured_media":0,"parent":0,"menu_order":0,"comment_status":"closed","ping_status":"closed","template":"page-templates\/template-fullwidth.php","meta":{"footnotes":""},"_links":{"self":[{"href":"https:\/\/www.aslinsaat.com.tr\/index.php?rest_route=\/wp\/v2\/pages\/336"}],"collection":[{"href":"https:\/\/www.aslinsaat.com.tr\/index.php?rest_route=\/wp\/v2\/pages"}],"about":[{"href":"https:\/\/www.aslinsaat.com.tr\/index.php?rest_route=\/wp\/v2\/types\/page"}],"author":[{"embeddable":true,"href":"https:\/\/www.aslinsaat.com.tr\/index.php?rest_route=\/wp\/v2\/users\/1"}],"replies":[{"embeddable":true,"href":"https:\/\/www.aslinsaat.com.tr\/index.php?rest_route=%2Fwp%2Fv2%2Fcomments&post=336"}],"version-history":[{"count":26,"href":"https:\/\/www.aslinsaat.com.tr\/index.php?rest_route=\/wp\/v2\/pages\/336\/revisions"}],"predecessor-version":[{"id":1631,"href":"https:\/\/www.aslinsaat.com.tr\/index.php?rest_route=\/wp\/v2\/pages\/336\/revisions\/1631"}],"wp:attachment":[{"href":"https:\/\/www.aslinsaat.com.tr\/index.php?rest_route=%2Fwp%2Fv2%2Fmedia&parent=336"}],"curies":[{"name":"wp","href":"https:\/\/api.w.org\/{rel}","templated":true}]}}